u be 1 + -3 + 1 + -3. Let y = u - 1. Let o(t) = -4*t - 11. Let l be o(y). What is the highest common factor of l and 81?
9
Suppose -c = 4*t - 72, -7*t + 5*t + 4*c + 54 = 0. Calculate the greatest common factor of 361 and t.
19
Let x = 55 + -19. Suppose -5*v - 2*c + 66 = -0*c, -5*v - 3*c + 64 = 0. Suppose v - x = -z. Calculate the greatest common factor of z and 11.
11
Let s be (-2)/5 + 696/15. Suppose 0 = -3*l + 47 + s. Suppose 0 = -h + 5*b + 139, 153*b - 3 = 154*b. What is the greatest common factor of h and l?
31
Let l = 263 + -51. Suppose -7*y + 2*h = -2*y - 372, 3*y - 4*h - l = 0. What is the greatest common divisor of 114 and y?
38
Let f(k) = 12*k**2 + k - 1. Let h be f(1). Let v(y) = -3*y - 1. Let c be v(9). Let p = 64 + c. Calculate the highest common divisor of p and h.
12
Let a(x) = 31*x**2 + 4*x. Suppose -w - 2*s = -8, w + w - s = 1. Let p be a(w). Calculate the greatest common factor of 12 and p.
12
Suppose 0 = m + 5*z - 10, -4*z - 20 = -0*z. Calculate the highest common divisor of 14 and m.
7
Let g(l) be the first derivative of 1/4*l**4 + 5*l**2 - 10/3*l**3 + l - 10. Let i be g(9). What is the highest common divisor of 10 and i?
10
Let r = -29 - -29. Suppose -4*t + 70 + 112 = 2*v, -t - v + 46 = r. Let d = -24 + t. What is the greatest common divisor of 189 and d?
21
Suppose 2508 = 19*o - 15*o. What is the highest common factor of 57 and o?
57
Suppose 6 = 5*v - 4*j - 0, 2*v = -5*j + 9. Let z be (-40 - -44) + 0/(v/2). What is the highest common factor of 1 and z?
1
Let u = 1423 + -1321. Calculate the highest common factor of u and 96.
6
Let q(t) = 17*t - 9. Let z be q(5). Suppose 0 = -a + 2, a = 2*o + 5*a - z. What is the highest common divisor of 51 and o?
17
Let m be 7 - (0 + 40)/10. Let x(d) = -7*d + 1 + d - 4. Let s be x(-5). Calculate the greatest common factor of s and m.
3
Suppose 0 = -44*d - d + 7920. Calculate the highest common factor of 22 and d.
22
Let u be (45 - 9)*2/4. Let g(w) = -7*w + 12. Let b be 1/((-2)/20) + 4. Let y be g(b). Calculate the highest common divisor of u and y.
18
Suppose 6*a - 4 = 2*a. Let c be (-27)/(-12)*(a + 55). What is the greatest common factor of c and 14?
14
Let a(d) = -1694*d - 47. Let b be a(-1). Calculate the greatest common divisor of b and 61.
61
Let n(p) = -5*p - 2. Let r be n(3). Let l be r + 34 + (-1 - -3). Calculate the highest common factor of l and 95.
19
Suppose l + l = 14. Suppose -p + l = 2. What is the highest common factor of 80 and p?
5
Suppose -k = 2, -q + 16 = -5*k + 4. Suppose 0 = 12*g - 7*g + 10, 3*g - 22 = -q*m. Calculate the greatest common divisor of 14 and m.
14
Let j(d) = 34*d**2 + 32*d + 187. Let u be j(-6). Calculate the greatest common divisor of u and 53.
53
Let x(g) = 455*g - 1355. Let u be x(3). Let v(a) = -3*a + 5. Let z be v(-5). What is the greatest common factor of u and z?
10
Suppose 5303*g = 5309*g - 2280. Calculate the greatest common divisor of g and 5.
5
Let n = 597 + -429. What is the greatest common divisor of 4 and n?
4
Suppose -163*u + 480 = -136*u - 384. Let v be (-2 - -14)*(-2)/(-2). Calculate the greatest common factor of v and u.
4
Let o = 176 + -25. Let c be 4/(-12) - o/(-3). What is the highest common factor of 20 and c?
10
Let z(n) be the second derivative of 0 - 10*n - 3*n**2 + 5/12*n**4 - 1/20*n**5 + 1/3*n**3. Let y be z(5). What is the highest common divisor of 4 and y?
4
Let c = 20 - 5. Suppose 0 = 4*q - c - 17. What is the greatest common factor of q and 16?
8
Let o be 30/6*3*4/(-30). Let a(i) = 30*i - 4. Let b be a(6). Let u be (o/(-4))/(1/b). What is the greatest common divisor of u and 8?
8
Let w(u) = u**2 + 15*u + 36. Let b be w(-10). Let j = b + 24. What is the greatest common divisor of j and 25?
5
Suppose a - 34 = -3*x + 17, 0 = -4*x + 20. What is the greatest common divisor of 90 and a?
18
Suppose -2*o = 2*o - 4. Let p(k) = -k**3 + 5*k**2 + 88*k - 490. Let b be p(6). What is the greatest common divisor of b and o?
1
Suppose 16*n = -13*n + 203. Suppose -5*v + 3 = -12. Let w = n - v. What is the greatest common divisor of 10 and w?
2
Suppose 4*s - 3*f = 742, -2*s + 744 = 2*s - 2*f. Let m be (1 + -2)/1 - -18. What is the highest common factor of s and m?
17
Let k(g) = -7*g - 2. Let u be k(-2). Let x = -1592 + 1652. What is the highest common factor of u and x?
12
Let v = 9 + -6. Let m be (13 - 4)*1/v. Suppose m*q = -y + 288, -y + q + 1191 = 3*y. What is the greatest common factor of y and 27?
27
Let t(i) = i + 13. Let d be t(-10). Let b = d - -2. Suppose b*f - 85 = 230. What is the greatest common factor of f and 7?
7
Let n(m) = -m**2 - 14*m + 86. Let g be n(-18). Calculate the highest common factor of g and 21.
7
Let h(a) = 2*a**2 + 10*a + 7. Let q be h(-8). Suppose -2*t - 14 = -0*t. Let v = t - -12. Calculate the highest common factor of q and v.
5
Let z be (-4 - (-17 - 2)) + -4. Calculate the highest common divisor of z and 275.
11
Suppose -r - q + 36 = 0, 128 = 3*r - q - q. Let s = 30 - 9. Let u = -5 + s. What is the greatest common factor of u and r?
8
Suppose 3*m - 2*f + 0*f + 57 = 0, 5*f = -2*m - 57. Let c be 30*(3 + m/9) + -1. Calculate the highest common divisor of 57 and c.
19
Suppose -14*g + 19*g - 25 = 0. Let f(p) = 6*p + 25. Let m be f(g). Calculate the greatest common factor of 5 and m.
5
Suppose -6*q - 16 = -22. Calculate the highest common divisor of 7 and q.
1
Let l be 69*(-1 + (-8)/(-4 - 0)). Let x = l + -29. Calculate the greatest common divisor of 8 and x.
8
Let w be (-160)/30*(-60)/8. What is the highest common factor of 16 and w?
8
Suppose -7*y + 0*y = -28. Suppose -y*a = -0*a - 12. Calculate the highest common factor of a and 24.
3
Let d be -3 + 163 - (-65)/13. What is the highest common factor of 120 and d?
15
Suppose 205 = -3*v - 2*j + 1541, j = 2*v - 900. What is the greatest common factor of 14 and v?
14
Let i(s) = -6*s**3 + 3*s + 1116. Let p be i(0). Calculate the greatest common factor of p and 36.
36
Let c(m) = -16*m - 9. Let v be c(-6). Suppose 12*s - 11*s + 90 = 3*x, 0 = 4*x - s - 119. What is the highest common divisor of x and v?
29
Suppose -5*u + 1868 = -1112. Suppose u - 20 = 4*n. What is the highest common divisor of n and 9?
9
Let v be ((-7)/(-42)*18)/((-3)/(-16)). Let p be 8/(-28) + 900/14. What is the highest common factor of v and p?
16
Let s = 377 - 357. What is the greatest common factor of s and 5?
5
Suppose -u - 4*f + 167 = 0, -u + 3*u - 298 = 4*f. Suppose -4*y + 5*y = 62. Let n = 93 - y. What is the highest common factor of n and u?
31
Let g be 5*-1*2/5. Let f be ((-1)/(-1))/(g/(-20)). Let x = f - -17. Calculate the greatest common factor of 3 and x.
3
Suppose 4*j + 0*j + 12 = 0. Let d be (-3)/(9/j) + 80. Suppose -2*l + 9 = -l. Calculate the highest common divisor of l and d.
9
Let g be 6/(-18) - (-1)/3. Suppose z + 2*z - 6 = g. Suppose -5*k + 0*u + z*u = -101, -27 = -k - 3*u. What is the greatest common factor of k and 3?
3
Let s(q) = q**2 + 8*q - 14. Let n be s(-11). Let a be 1/1 - (-93 - (2 - 1)). What is the greatest common factor of n and a?
19
Let l = 6 + 5. Let d = -16 + l. Let t = d - -6. What is the greatest common factor of t and 1?
1
Let f be (-25684)/38 + 8/(-76). Let d = f - -1127. What is the greatest common divisor of 41 and d?
41
Let s(n) = -18*n + 5. Let z be s(-3). Let u = z + -51. What is the greatest common divisor of u and 56?
8
Suppose -1 = 2*b + 3, 0 = -3*a - 2*b + 20. Let k be (-4)/(-3)*12/a. Let q be 1/(-3)*-3 + k. Calculate the greatest common factor of 3 and q.
3
Let c(v) be the third derivative of v**4/24 + v**2. Let x be c(6). Suppose -l = -3, 0 = w + w + 3*l - 11. What is the highest common divisor of w and x?
1
Let z = 689 + -130. Calculate the highest common divisor of z and 43.
43
Suppose 1497 + 4069 = 23*s. What is the greatest common factor of s and 11?
11
Suppose 220*w = 216*w + 468. Calculate the greatest common divisor of 91 and w.
13
Let u be 4*((-7)/4 - 0). Let d = u + 9. Suppose 21*b - 26*b + 15 = 0. Calculate the highest common factor of d and b.
1
Let g(p) = 17*p**3 + p**2 - 1. Let b be g(1). Let v be -3*2/(-3)*1. Let q be v + 2 + -4 + 68. What is the highest common divisor of b and q?
17
Let l be (9/(-18) + 1)*972. Calculate the greatest common factor of l and 36.
18
Suppose 0 = -18*a + 15*a + 30. Let v = 30 - a. What is the highest common